{"id":29,"date":"2015-07-30T14:45:37","date_gmt":"2015-07-30T14:45:37","guid":{"rendered":"http:\/\/quintadoalamo.org\/?page_id=29"},"modified":"2017-04-09T22:04:42","modified_gmt":"2017-04-09T21:04:42","slug":"casa-de-retiros","status":"publish","type":"page","link":"http:\/\/quintadoalamo.org\/?page_id=29","title":{"rendered":"Casa de Retiros"},"content":{"rendered":"<blockquote><p><img decoding=\"async\" loading=\"lazy\" class=\"alignleft wp-image-181 \" src=\"http:\/\/quintadoalamo.org\/wp-content\/uploads\/2017\/02\/Casa.jpg\" alt=\"Casa\" width=\"288\" height=\"159\" srcset=\"http:\/\/quintadoalamo.org\/wp-content\/uploads\/2017\/02\/Casa.jpg 3898w, http:\/\/quintadoalamo.org\/wp-content\/uploads\/2017\/02\/Casa-300x166.jpg 300w, http:\/\/quintadoalamo.org\/wp-content\/uploads\/2017\/02\/Casa-768x425.jpg 768w, http:\/\/quintadoalamo.org\/wp-content\/uploads\/2017\/02\/Casa-1024x567.jpg 1024w, http:\/\/quintadoalamo.org\/wp-content\/uploads\/2017\/02\/Casa-672x372.jpg 672w, http:\/\/quintadoalamo.org\/wp-content\/uploads\/2017\/02\/Casa-1038x576.jpg 1038w\" sizes=\"(max-width: 288px) 100vw, 288px\" \/><\/p><\/blockquote>\n<p style=\"text-align: center;\"><a href=\"http:\/\/quintadoalamo.org\/?page_id=184\"><strong><u><span style=\"color: #0066cc;\">Informa\u00e7\u00f5es<\/span><\/u><\/strong><\/a><\/p>\n<p style=\"text-align: center;\"><strong><a href=\"http:\/\/quintadoalamo.org\/?page_id=187\"><u><span style=\"color: #0066cc;\">Localiza\u00e7\u00e3o<\/span><\/u><\/a><\/strong><\/p>\n<p style=\"text-align: center;\"><strong><a href=\"http:\/\/quintadoalamo.org\/?page_id=189\"><u><span style=\"color: #0066cc;\">Contactos<\/span><\/u><\/a><\/strong><\/p>\n<p>&nbsp;<\/p>\n","protected":false},"excerpt":{"rendered":"<p>Informa\u00e7\u00f5es Localiza\u00e7\u00e3o Contactos &nbsp;<\/p>\n","protected":false},"author":3,"featured_media":0,"parent":0,"menu_order":3,"comment_status":"closed","ping_status":"closed","template":"","meta":[],"_links":{"self":[{"href":"http:\/\/quintadoalamo.org\/index.php?rest_route=\/wp\/v2\/pages\/29"}],"collection":[{"href":"http:\/\/quintadoalamo.org\/index.php?rest_route=\/wp\/v2\/pages"}],"about":[{"href":"http:\/\/quintadoalamo.org\/index.php?rest_route=\/wp\/v2\/types\/page"}],"author":[{"embeddable":true,"href":"http:\/\/quintadoalamo.org\/index.php?rest_route=\/wp\/v2\/users\/3"}],"replies":[{"embeddable":true,"href":"http:\/\/quintadoalamo.org\/index.php?rest_route=%2Fwp%2Fv2%2Fcomments&post=29"}],"version-history":[{"count":13,"href":"http:\/\/quintadoalamo.org\/index.php?rest_route=\/wp\/v2\/pages\/29\/revisions"}],"predecessor-version":[{"id":275,"href":"http:\/\/quintadoalamo.org\/index.php?rest_route=\/wp\/v2\/pages\/29\/revisions\/275"}],"wp:attachment":[{"href":"http:\/\/quintadoalamo.org\/index.php?rest_route=%2Fwp%2Fv2%2Fmedia&parent=29"}],"curies":[{"name":"wp","href":"https:\/\/api.w.org\/{rel}","templated":true}]}}